What are the prime factors of d?
3
Let s(k) be the third derivative of k**5/15 + k**4/4 + 4*k**3/3 + 10*k**2. List the prime factors of s(-5).
2, 3, 13
Suppose -h + 92 = -110. Suppose -38*b = -36*b - h. What are the prime factors of b?
101
Suppose 7*a - 91 = 140. Suppose 35*x - 482 = a*x. List the prime factors of x.
241
Suppose 0 = -2*k + 4*w + 96, -3 = w + 1. Suppose -t = -k - 24. What are the prime factors of t?
2
Suppose 396 = -6*a + 2448. Suppose 11*s + a = 14*s. List the prime factors of s.
2, 3, 19
Suppose -2*m = 24*m - 24076. List the prime factors of m.
2, 463
Suppose 5*x = -4*z + 8*z + 15, -5*x = -z - 15. Suppose -2*j + 4*v + 202 = z, -6*j - 3*v = -9*j + 303. What are the prime factors of j?
101
Suppose -108 = 4*j - 6*j. Suppose 4*w = m + 2, 5 + 3 = 5*m - 2*w. Suppose -2*z + j = m*y, 0*z + 3*z = 3*y + 51. List the prime factors of z.
2, 11
Let j = 994 - 351. What are the prime factors of j?
643
Suppose -448 = -5*q + 402. Suppose 4*z = 2*p - 7*p + q, -3*p - 5*z = -115. List the prime factors of p.
2, 3, 5
Let b be 2/(-17) + 12/102. Suppose b = 8*w - 12*w + 20. Let j = 39 + w. What are the prime factors of j?
2, 11
Suppose -2*v = 2*v - 36. Let z(c) = 5*c**2 + 3*c - 3. Let u be z(1). Suppose 4*j + u*a - 121 + v = 0, -16 = -4*a. List the prime factors of j.
23
Let m(d) = 39*d**2 + 5*d + 367. What are the prime factors of m(-12)?
5923
Let t(k) = -26*k + 20. Let n be t(-15). Suppose 0 = 2*w + 2*w + 2*a - n, 305 = 3*w + 2*a. List the prime factors of w.
3, 5, 7
Let a be (1/2)/((-4)/(-56)). Suppose a*f + 69 = 440. List the prime factors of f.
53
Suppose 0 = x - 19*g + 23*g - 2106, -2*x + 5*g = -4212. What are the prime factors of x?
2, 3, 13
Suppose -12*z + 252 = -2544. What are the prime factors of z?
233
Suppose 0 = -3*s - 2*z + 18, 6*s - 2*z - 46 = s. Suppose -350 = 3*u - s*u. List the prime factors of u.
2, 5, 7
Let d(v) = 12*v**2 - 1. Let l be d(-1). Suppose -o - o - 30 = -5*n, -3*o - l = n. Suppose 28 = n*x - 0*x. What are the prime factors of x?
7
Let r(h) = -h**3 - 9*h**2 - 16*h - 14. Let j be r(-7). Suppose 0 = 4*c - c - 3*t - 231, j = -5*c - 5*t + 405. What are the prime factors of c?
79
Suppose 0*s = -2*s. Let v(d) be the third derivative of d**5/60 + d**4/24 + 17*d**3/2 + 27*d**2. List the prime factors of v(s).
3, 17
Suppose -2*t + 5*d - 42 = -6, 0 = 2*t + 4*d. Let m be (16/12)/(t/60). What are the prime factors of (-15)/25 - 106/m?
2, 5
Let y = -4467 - -8982. List the prime factors of y.
3, 5, 7, 43
What are the prime factors of (12/10)/(3/10) + 217?
13, 17
Let o(g) = 26*g. Let p be o(-6). Suppose 0 = 4*f + 83 + 321. Let b = f - p. List the prime factors of b.
5, 11
Let v = 12 - 3. Suppose -3*m - 3 = -v. Suppose m + 58 = 4*l. What are the prime factors of l?
3, 5
Let f = 4493 - 2406. What are the prime factors of f?
2087
Suppose -12*i + 13*i = 2. Let p = i - -40. List the prime factors of p.
2, 3, 7
Suppose 5*y = -2 - 28. List the prime factors of 8/(-4 - -2) - y.
2
Suppose -5*g - 2*s + 671 + 1952 = 0, 539 = g + 4*s. What are the prime factors of g?
523
Let m = -3992 + 8392. What are the prime factors of m?
2, 5, 11
Suppose -19526 = 360*v - 373*v. List the prime factors of v.
2, 751
Suppose -2*b + 16 = -6*b. Let k(i) = -i**3 - i**2 + i + 8. What are the prime factors of k(b)?
2, 13
Suppose 4*d + 2*l = 6, -3*d + 0*d = 3*l - 6. Suppose -2*s + d + 3 = 0. Suppose -7*c = -s*c - 110. List the prime factors of c.
2, 11
Let w(b) = b**2 - 7*b + 7. Let n be w(6). List the prime factors of 0*n/(-4 - -3) + 77.
7, 11
Suppose -5*w + 12 = -b, 5*b - 4*w - 1 - 2 = 0. Suppose 0 = 2*r - b*r + 136. List the prime factors of r.
2, 17
Let z = 2 - 0. Suppose 10 = z*s - 7*s, -3*n + 65 = -s. Suppose k - 7 = n. List the prime factors of k.
2, 7
Let b(v) = -v**3 + 21*v**2 + 15*v + 15. List the prime factors of b(11).
2, 5, 139
Let f = 71 + -76. Let a(o) = -33*o + 2. What are the prime factors of a(f)?
167
Suppose 0*r = 9*r - 10863. What are the prime factors of r?
17, 71
Suppose 14 = -c - 3*u, u = -3*c - u - 42. Let w = -14 - c. Suppose 3*b = 3*o - 51, -4*o = -w*o - 2*b - 64. List the prime factors of o.
3, 5
Let x be (-3)/4 - 135/(-36). Let z(o) = 17*o**2 - 2*o - 5. What are the prime factors of z(x)?
2, 71
Let k(u) = 85*u**2 + 9*u - 2. List the prime factors of k(4).
2, 17, 41
Suppose 4*l = l - 2*a + 14, -4*a + 4 = 2*l. Let t(g) = -g**3 - 2. Let u be t(-2). What are the prime factors of (3 - l) + u - -24?
3
Let u(c) = -12*c**2 - 4*c. Let l be u(-2). What are the prime factors of -1*(490/l)/(2/16)?
2, 7
Let r be 2 - (2 + (1 - 3)). Suppose 0 = 2*h - q - 17 - 26, r*q + 10 = 0. Let j = 2 + h. What are the prime factors of j?
3, 7
Let r(z) = -z**3 - 8*z**2 - z - 23. Let u be r(-10). List the prime factors of (-4)/(-8) - u/(-2).
2, 47
Let z = 7693 - 4664. What are the prime factors of z?
13, 233
Let m(j) = -3*j + 395. What are the prime factors of m(-45)?
2, 5, 53
Let j be (2 - 15/8) + (-357)/(-24). Let n = j - -52. What are the prime factors of n?
67
Suppose 0 = 3*d + 12, -2*d - 907 = -4*y + 3*y. Suppose -y = -5*u + 4*j, -2*j - 624 = -5*u + 283. What are the prime factors of u?
3, 61
Suppose 0 = 2*g - g - 7. Suppose -2*s = -g*s + 345. Suppose -3*j + 9 = -s. List the prime factors of j.
2, 13
Suppose 3 = 2*f - f. Suppose 0 = 6*r - f*r - 279. Let n = r + -40. List the prime factors of n.
53
Let g(j) = -j + 1. Let p be g(-4). Suppose 5 + p = 5*f. Suppose f*t - 4 = -0. List the prime factors of t.
2
Suppose v = -4*l - 17, -3*v + v - l + 1 = 0. Suppose 0 = -3*p - 0*p + v*t + 9, 2*p + 3*t = 11. Suppose 10 + 26 = p*n. List the prime factors of n.
3
Suppose -5*l = 4*v - 1110, -2*v + l + 291 + 257 = 0. What are the prime factors of v/(-2)*(-7 + 5)?
5, 11
Suppose 5*i - 12 = -17. Let a = 23 - i. Suppose -a = -5*m - 4. What are the prime factors of m?
2
Suppose -4*z = 12, 5*j - 146 = 5*z - 3*z. Suppose 3*x = -8*x + 55. Suppose l - j - x = 0. List the prime factors of l.
3, 11
Let c(r) = -r + 7. Let o be c(3). Let w be (-1)/(-3*o/48). Suppose 2*y - 3*g = -0*y + 21, w*y = 3*g + 57. List the prime factors of y.
2, 3
Suppose -2*s - 9 + 9 = 0. Let q be (1 - -83) + (-4)/(-4). Suppose -5*k + q = -s*k. List the prime factors of k.
17
Let c(m) = m - 1. Let x be c(3). Suppose 2*p + r - 34 = 0, -r - 80 = -5*p - 2. Suppose p = -x*a + 3*a. What are the prime factors of a?
2
Let z(f) = -7*f - 4. Let w be z(3). Let j = 221 + -177. Let x = j + w. List the prime factors of x.
19
Suppose 5*n - 41 = -3*q, -3*q - 4*n + 28 = -12. Suppose 0 = -q*i + 11*i + 7. What are the prime factors of i?
7
Suppose 2*m - 4*r = 2, -2*m - 2*r = -7*r. Suppose -4*t + m*f = -50, 3*t + 2*t - 2*f = 54. Suppose 114 = t*l - 7*l. List the prime factors of l.
2, 19
Let v(a) = -a - 10. Let c be v(-13). Let h be 0/((c - 4)*-2). Suppose h = 2*m - 4*l - 84, l - 148 = -4*m - l. What are the prime factors of m?
2, 19
Let t = 0 - -6. Suppose t*l + l = 14. Suppose -5*d + l*i + 104 = -i, -3*i = 9. What are the prime factors of d?
19
Suppose 0*q - 4*q = -8. Let p(k) = -3*k + k**3 + 19 + 2*k - 4 + 2*k**2 - k**q. List the prime factors of p(0).
3, 5
Suppose 5*k + 37 = 7*q - 3*q, 0 = k + 5. Suppose -2*r = q*o - 5*o - 66, 2*o - 46 = -2*r. List the prime factors of r.
2, 7
Let d = -17 + 27. Let q = -24 + 28. Suppose 0 = q*j + j - d. What are the prime factors of j?
2
Let w(u) = 3*u**2 - 9*u + 2. What are the prime factors of w(-6)?
2, 41
Let g(p) = -p**3 + 13*p**2 - 6*p + 10. Let r(j) = j**3 - 12*j**2 + 6*j - 9. Let d(c) = -5*g(c) - 6*r(c). What are the prime factors of d(5)?
2, 3
Let h(o) be the third derivative of -5*o**4/24 + 33*o**3 - 8*o**2. List the prime factors of h(0).
2, 3, 11
Let p(o) = 10*o - 8 + 0*o + 2. Let j(s) = -14*s + 343. Let k be j(24). List the prime factors of p(k).
2
Let j(p) = -2*p - 10. Let g(d) = -d**3 + d**2 + d - 7. Let l be g(0). Let o be j(l). Suppose a = w + 44 + 4, 5*a = o*w + 244. List the prime factors of a.
2, 13
Let i(p) = 11*p - 20. Let a be i(2). Suppose a*c - 100 = -3*c. List the prime factors of c.
2, 5
Let d = -145 - -28. Let j = 181 + d. List the prime factors of j.
2
Let y = -74 - -165. List the prime factors of y.
7, 13
Suppose s + 4*t + 13 = 0, -s + 5*t = -0*s - 23. Suppose -2*a + s*a = 158. What are the prime factors of a?
2, 79
Let i(d) = -1240*d**3 - 3*d**2 - 3*d. List the prim